 is the millions digit of 1997169730?
7
What is the thousands digit of 1385660444?
0
What is the hundred thousands digit of 40148122?
1
What is the hundred thousands digit of 85503835?
5
What is the ten millions digit of 1747094755?
4
What is the thousands digit of 217850273?
0
What is the units digit of 480164015?
5
What is the units digit of 305397827?
7
What is the hundred thousands digit of 82204710?
2
What is the ten thousands digit of 134431538?
3
What is the hundreds digit of 46346584?
5
What is the tens digit of 211137132?
3
What is the hundred millions digit of 1513831471?
5
What is the hundreds digit of 248166231?
2
What is the ten millions digit of 36816467?
3
What is the units digit of 1830176549?
9
What is the units digit of 458985541?
1
What is the units digit of 202083058?
8
What is the millions digit of 1889951470?
9
What is the ten thousands digit of 2890450902?
5
What is the tens digit of 180344782?
8
What is the hundred millions digit of 250458639?
2
What is the hundred thousands digit of 961725094?
7
What is the hundred millions digit of 5855050396?
8
What is the hundred thousands digit of 46568631?
5
What is the hundreds digit of 4582108413?
4
What is the units digit of 35997116?
6
What is the hundred thousands digit of 4304749146?
7
What is the ten thousands digit of 1122093559?
9
What is the hundred thousands digit of 34603318?
6
What is the thousands digit of 151471154?
1
What is the thousands digit of 168914240?
4
What is the hundred millions digit of 6761778761?
7
What is the ten thousands digit of 54073541?
7
What is the tens digit of 119853923?
2
What is the tens digit of 2283260003?
0
What is the hundreds digit of 29750323?
3
What is the hundred millions digit of 357720682?
3
What is the ten thousands digit of 1652295976?
9
What is the hundred thousands digit of 89102970?
1
What is the hundred millions digit of 818377961?
8
What is the units digit of 138957522?
2
What is the ten millions digit of 664701874?
6
What is the ten thousands digit of 59491346?
9
What is the ten thousands digit of 7158686?
5
What is the ten millions digit of 365399812?
6
What is the thousands digit of 93523501?
3
What is the hundred thousands digit of 253531236?
5
What is the ten millions digit of 1143311558?
4
What is the hundreds digit of 52159297?
2
What is the millions digit of 54717518?
4
What is the hundreds digit of 291207711?
7
What is the units digit of 4360434333?
3
What is the ten thousands digit of 38149455?
4
What is the hundred thousands digit of 61895393?
8
What is the hundred millions digit of 598563374?
5
What is the tens digit of 4525205919?
1
What is the millions digit of 368916560?
8
What is the hundreds digit of 23206696?
6
What is the thousands digit of 1643597615?
7
What is the hundreds digit of 3573170953?
9
What is the millions digit of 1589549317?
9
What is the units digit of 322906263?
3
What is the millions digit of 277509245?
7
What is the tens digit of 5576150099?
9
What is the units digit of 245883381?
1
What is the hundreds digit of 762889756?
7
What is the thousands digit of 5842920459?
0
What is the ten thousands digit of 27635183?
3
What is the hundreds digit of 1752291168?
1
What is the units digit of 32164679?
9
What is the hundreds digit of 202309311?
3
What is the hundreds digit of 3659119791?
7
What is the ten millions digit of 74851361?
7
What is the thousands digit of 209099116?
9
What is the ten thousands digit of 922694136?
9
What is the ten millions digit of 1786011231?
8
What is the hundred millions digit of 376742226?
3
What is the millions digit of 45836682?
5
What is the millions digit of 534143601?
4
What is the hundred millions digit of 750835825?
7
What is the millions digit of 188850624?
8
What is the hundred thousands digit of 150192344?
1
What is the ten millions digit of 897983265?
9
What is the units digit of 2012843889?
9
What is the hundred thousands digit of 4583053903?
0
What is the hundreds digit of 2046823949?
9
What is the units digit of 4855733562?
2
What is the tens digit of 28605748?
4
What is the hundred millions digit of 1051946172?
0
What is the ten millions digit of 59395166?
5
What is the hundreds digit of 1592490363?
3
What is the tens digit of 194363556?
5
What is the ten millions digit of 572592289?
7
What is the hundred millions digit of 3087876900?
0
What is the ten millions digit of 3164113912?
6
What is the units digit of 3542823538?
8
What is the ten millions digit of 2514270591?
1
What is the millions digit of 7256918372?
6
What is the hundred thousands digit of 4107158519?
1
What is the ten millions digit of 194891917?
9
What is the units digit of 229457001?
1
What is the units digit of 1338526048?
8
What is the billions digit of 1531895722?
1
What is the units digit of 15069720?
0
What is the tens digit of 7026782128?
2
What is the ten thousands digit of 2365159610?
5
What is the units digit of 2817084656?
6
What is the tens digit of 194446616?
1
What is the ten millions digit of 39655334?
3
What is the thousands digit of 3069062?
9
What is the hundreds digit of 48051636?
6
What is the hundred thousands digit of 219278741?
2
What is the tens digit of 6369653912?
1
What is the thousands digit of 523518148?
8
What is the hundred thousands digit of 309273787?
2
What is the tens digit of 85047478?
7
What is the thousands digit of 489955798?
5
What is the tens digit of 4962524673?
7
What is the hundred thousands digit of 702011568?
0
What is the millions digit of 1047722?
1
What is the ten thousands digit of 868490?
6
What is the hundred thousands digit of 4459327720?
3
What is the ten thousands digit of 4867057033?
5
What is the millions digit of 3741906710?
1
What is the ten thousands digit of 58843074?
4
What is the ten thousands digit of 3977364237?
6
What is the millions digit of 332388387?
2
What is the tens digit of 156216686?
8
What is the hundred millions digit of 516350608?
5
What is the hundred millions digit of 1716499490?
7
What is the ten thousands digit of 458664149?
6
What is the hundreds digit of 3791593035?
0
What is the tens digit of 103700866?
6
What is the millions digit of 191062211?
1
What is the thousands digit of 759594675?
4
What is the millions digit of 42394767?
2
What is the tens digit of 376461825?
2
What is the ten thousands digit of 744824790?
2
What is the ten millions digit of 669700002?
6
What is the hundred thousands digit of 42791585?
7
What is the tens digit of 15956720?
2
What is the millions digit of 3833546266?
3
What is the units digit of 106154967?
7
What is the millions digit of 307672216?
7
What is the hundred millions digit of 848040268?
8
What is the billions digit of 1086336921?
1
What is the ten thousands digit of 110283160?
8
What is the hundred millions digit of 456112172?
4
What is the billions digit of 5723228207?
5
What is the ten thousands digit of 215331738?
3
What is the units digit of 124310247?
7
What is the millions digit of 22368480?
2
What is the hundreds digit of 81571974?
9
What is the hundreds digit of 72355710?
7
What is the hundreds digit of 483930978?
9
What is the millions digit of 33449395?
3
What is the thousands digit of 16478187?
8
What is the hundred millions digit of 1790056206?
7
What is the millions digit of 247878756?
7
What is the hundreds digit of 23686985?
9
What is the ten millions digit of 48879599?
4
What is the units digit of 51942984?
4
What is the ten thousands digit of 46459957?
5
What is the units digit of 68434890?
0
What is the ten millions digit of 36450400?
3
What is the hundred millions digit of 2532464973?
5
What is the hundred thousands digit of 182355966?
3
What is the tens digit of 444580932?
3
What is the ten millions digit of 1835055482?
3
What is the millions digit of 24859526?
4
What is the tens digit of 38153557?
5
What is the ten millions digit of 918087072?
1
What is the millions digit of 125906717?
5
What is the ten thousands digit of 813260689?
6
What is the tens digit of 15502084?
8
What is the hundreds digit of 261494366?
3
What is the hundreds digit of 15309251?
2
What is the tens digit of 1652957846?
4
What is the ten thousands digit of 94507815?
0
What is the millions digit of 58515402?
8
What is the tens digit of 6925231?
3
What is the hundred tho